(6 + 4)/(-1 + 9/3). Suppose o = c + 14. Let s be (-5)/c*5 + (-6)/(-27). Let z(k) = k - 4. What is z(s)?
-1
Let h(j) = 13 - 14 + 0*j + 2*j. Suppose -272 = -5*m - 15*p + 17*p, -3*m + 152 = -4*p. Suppose -54 = 2*x - m. Give h(x).
1
Let n(d) be the third derivative of -2*d**2 + 7/24*d**4 + 0*d - 1/2*d**3 + 15. Determine n(2).
11
Let v(u) = 49*u - 686. Let c be v(14). Let q = -41 - -69. Suppose c = -7*i + 4*i + 12, -4*x - 4*i = -q. Let m(y) = -y**3 + 3*y**2 + 4*y - 2. Calculate m(x).
10
Let f(r) = -r**3 + 6*r**2 - 4*r + 2. Let y = -37 + 38. Let t(o) = -o**3 + o**2 + o - 1. Let n(j) = y*f(j) - 2*t(j). Let d = 1 - 6. Determine n(d).
9
Let k(m) = -19*m**2 + 10*m + 35. Let p(n) = -32*n**2 + 19*n + 72. Let d(v) = 5*k(v) - 3*p(v). Calculate d(6).
-47
Let o(t) = -t**3 + 3*t**2 - 1. Let r(a) = -a**2 - 8*a + 3. Let p(u) = 31 + 2*u + 4 - 11. Let y be p(-16). Let f be r(y). Give o(f).
-1
Let z be (0 + 0)/(2*1). Let r(q) = -q**3 + 26*q**2 + q + 10. Let n be r(26). Let p(x) = -37*x**3 + n*x**3 - 17*x**2 + 16*x**2 - 5 + x. Calculate p(z).
-5
Let p(j) be the first derivative of j**3/3 + 9*j**2/2 + 9*j + 10453. Suppose 4*d + 9 + 27 = 0. What is p(d)?
9
Suppose -6*l + 4*l - 20 = -3*b, 0 = -4*b - 2*l + 8. Suppose 0 = 6*c - b - 26. Suppose 0*g + 4*g = -c*s - 21, 3 = s - g. Let v(y) = -2*y - 1. Give v(s).
1
Suppose -260*n + 259*n - 2 = 0. Let y(a) be the first derivative of a**2 - 6 + 0*a**2 + a**2 + 3 - 2*a. Determine y(n).
-10
Let p(z) = z - 4. Let w be (3 + -4)*(-4 + 2 - 3). Let d be 2 - ((-4)/6 - w/15). Suppose -n - 14 = -c + 3*c, -c - 17 = d*n. Give p(c).
-9
Let c(r) be the third derivative of -r**6/120 - r**5/12 + r**4/4 - 7*r**3/6 + r**2 + 2249*r + 11. Let t = -21 + 6. Let n = 9 + t. Calculate c(n).
-7
Let w(o) = -13*o**2 + 23*o - 32. Let j(v) = -8*v**2 + 15*v - 21. Let n(b) = -8*j(b) + 5*w(b). Let s be 2/(-8) + (-108)/16. Give n(s).
-6
Let w(t) = 16*t + 148. Let q(p) = -7*p - 75. Let g(r) = 5*q(r) + 2*w(r). Calculate g(-17).
-28
Let t(n) = n**2 - 5*n + 9. Let s(a) be the first derivative of -3*a**2/2 - a + 7. Let y be s(3). Let f = y + 16. Calculate t(f).
15
Let a(c) = 29*c**2 - 2*c - 1. Suppose -2 = 5*s - n, 2*n = -2*s + 249 - 257. What is a(s)?
30
Let d(k) = k**2 + 2*k + 1. Let x be (-20)/(-12)*(-12)/(-2). Suppose x*m - 13 = 17. Determine d(m).
16
Let v = -1462 - -1463. Let g(h) be the second derivative of -3*h - 7/6*h**3 + 0 + 1/2*h**2. Give g(v).
-6
Let v = 12653 - 12654. Let w(f) = 10*f**2 - 8*f - 7. Let u(c) = 21*c**2 - 15*c - 13. Let z(b) = 6*u(b) - 11*w(b). Determine z(v).
17
Let v(s) = -s**2 + 15*s + 2913. Let i be v(62). Let n(z) = 8*z**2 - 8*z - 6. Calculate n(i).
10
Let l(x) = -85*x**2 - 204*x + 40. Let h(q) = 46*q**2 + 103*q - 20. Let t(n) = -11*h(n) - 6*l(n). Calculate t(-23).
3
Let r(p) be the second derivative of 8*p**3/3 + 243*p**2/2 + 4530*p. Give r(-15).
3
Let d = -83 + 113. Suppose -d*y - 12 = -24*y. Let n(l) = 20*l**2 - 6*l - 6. Let g(i) = -7*i**2 + 2*i + 2. Let c(q) = -11*g(q) - 4*n(q). Determine c(y).
-14
Suppose a + q + 42 = 51, 2*q - 12 = -a. Let z(y) = 23*y - 149. Give z(a).
-11
Let h(g) = -g**3 + 2*g**2 + 2*g + 1. Let m(c) = 2*c**3 + 5*c**2 - 5*c + 1. Let x(i) = -3*h(i) - m(i). Determine x(11).
-15
Let q(j) = j**3 + 104*j**2 + 407*j + 700. Let o be q(-100). Let c(v) = -v**3 - v + 0*v**3 - 13 - 3*v**2 + 2*v**2. What is c(o)?
-13
Let k(v) be the third derivative of -1/2*v**3 - 24*v**2 + 5/24*v**4 + 0*v + 0. Calculate k(2).
7
Let b(v) = 4*v**2 + 14*v - 4. Suppose -2*i + 3*j + 4 + 3 = 0, 4*i + 11 = j. Calculate b(i).
4
Let b(u) = -24*u + 32. Let p be b(2). Let a be p/72 + (-100)/36. Let f(k) = -1 - 5 + 3*k + 3 + k + k**2. Determine f(a).
-6
Let z(t) be the first derivative of 1/120*t**6 + t**2 + 4/3*t**3 + 1/4*t**4 - 14 + 0*t + 2/15*t**5. Let q(k) be the second derivative of z(k). What is q(-7)?
15
Let i(u) = u**2 + 145*u + 150. Let o(r) = -2*r**2 - 324*r - 302. Let v(s) = -7*i(s) - 3*o(s). Calculate v(-39).
12
Let i(j) = 6*j**3 - 61*j**2 + 12*j - 6. Let r be i(10). Let n(p) = 3*p - 34. Determine n(r).
8
Let b(n) = n**3 + 4*n**2 - n + 2. Let v(f) = -2*f**3 - 5*f**2 + 2*f - 3. Let c = -115 + 113. Let k(h) = c*v(h) - 3*b(h). Calculate k(2).
-2
Let w(y) be the first derivative of y**3/3 - 7*y**2/2 - 22*y - 1844. What is w(9)?
-4
Let r(g) = -g**3 - 7*g**2 - 5*g - 1. Let z = -5737 - -5731. What is r(z)?
-7
Let c be (2 + 6 + -6)/((-1)/(-18)). Let s be 9*((-64)/c - 1 - -3). Suppose -7*w - 23 + s = 0. Let q(g) = -g - 4. Calculate q(w).
-1
Let f(k) be the first derivative of -179 + 1/3*k**3 + 2*k**2 + 0*k. What is f(-7)?
21
Let q(v) = -v**3 + 0*v**3 - 3*v - 136*v**2 + 141*v**2 + 3. Let p = -20 + 20. Suppose m - 2 + p = 0. What is q(m)?
9
Let x(o) be the second derivative of o**3/6 + 9*o**2 + 2702*o. Calculate x(8).
26
Let a(b) = b**3 + 2*b**2 + b. Suppose 8 = 5*s + 4*h, 2*s - 167*h + 2 = -166*h. Give a(s).
0
Let g(b) = -6*b. Suppose 1856 = -7*o - 475. Let y = 337 + o. What is g(y)?
-24
Let a(j) be the third derivative of -j**5/30 - j**4/24 + 7*j**3/2 + 59*j**2 + 35*j. Give a(7).
-84
Let k be (9/6 - -2)*30/21. Let g(s) = s**3 - 4*s**2 - s - 22. What is g(k)?
-2
Suppose -11*w - 3137 - 3463 = 0. Let s = -605 - w. Let f(m) = -m - 7. Give f(s).
-2
Let d(z) = z**3 - 23*z**2 - 5*z + 46. Let w be (-14490)/(-630)*2/2. Give d(w).
-69
Let a be (0 - 1)/((-35)/7 + 6). Let h be (-374)/(-119)*(a - (-16)/2). Suppose 0 = 5*o - 3*u + h, -2*u = 3*o - 0*o - 2. Let y(t) = -6*t - 1. What is y(o)?
11
Let j(m) be the third derivative of m**6/120 + m**5/20 - 11*m**4/12 + m**3/2 - 2*m**2 - 239. Calculate j(-6).
27
Suppose 0*r + 2*r + v + 25 = 0, -3*r - 45 = -v. Let o(c) be the first derivative of -c**3/3 - 15*c**2/2 - 15*c - 26. Determine o(r).
-1
Let y(h) = -21*h**2 - 130*h + 3. Let w(x) = 16*x**2 + 99*x - 2. Let o(v) = 4*w(v) + 3*y(v). Let g be (-1)/(1/(-17)) - 1. Let m = 10 - g. Give o(m).
1
Let h(v) be the second derivative of v**5/20 - v**4/2 - 305*v. Let w be 3/6*4*1. Suppose -18 = -d - w*d. Determine h(d).
0
Suppose n = -2*n. Let a(t) be the second derivative of t**5/20 + t**3/6 + 5*t**2 - t - 2150. What is a(n)?
10
Let c(d) = 3*d - 6. Let s be -2 + 4 + -3 - -1. Suppose -3*x + 71 - 62 = s. Suppose -x*f = 23 - 8. Determine c(f).
-21
Let i(y) = -10*y**2 - 131*y + 45. Let b be i(-13). Let c(s) = s**3 - 62*s**2 + 234*s - 120. Calculate c(b).
-4
Let r(k) be the second derivative of k**5/60 - k**4/6 - 95*k**2 - 49*k. Let z(c) be the first derivative of r(c). Give z(5).
5
Let l(b) = 9*b**3 + b**2 - 4*b + 4. Let p be l(2). Let z(n) = 33*n**3 - p*n**3 - 3*n**2 + 11*n**2 + 40*n**3 - 11 + 2*n. What is z(-8)?
-27
Let d(k) = k - 8. Suppose 0 = -3*w + 7 - 1. Suppose -q + 5*q - 2*t + w = 0, 0 = -2*q + 4*t - 4. Suppose q = 3*l - p + 23, l + 30 = -3*l + p. What is d(l)?
-15
Let m = 26 + -25. Let g be m/2*176/22. Let y(o) = o**2 + 2. Let f(u) = 5*u**2 + 4*u + 10. Let n(r) = -f(r) + 6*y(r). What is n(g)?
2
Let y(v) be the third derivative of -v**5/60 + 5*v**4/24 + v**3 + 454*v**2 + 15*v. Let s be (-2 - 0)/(4/(-10)). What is y(s)?
6
Let r = 3547 - 3538. Let j(o) = -o**3 + 9*o**2 - 3*o - 15. What is j(r)?
-42
Let z = 2335 - 2314. Let h(m) = -m + 13. Determine h(z).
-8
Let z(f) = f - 5. Suppose j - 9*j - 34 = 9*j. Give z(j).
-7
Let g = -429 - -427. Let c(d) = 2*d**3 + d**2 + 7*d + 16. Let r be c(g). Let b(y) = -y**3 - 11*y**2 - 11*y - 2. Give b(r).
8
Suppose -10 = 2*a, -n - 3 = 2*a + 3. Let i(p) = p**2 + n*p**2 - 6*p**2 - 2*p**2 + p. Let l(q) = q + 8. Let u be l(-6). What is i(u)?
-10
Let g(d) = 2*d**2 + d - 4 + 19*d - 10*d - 4*d**2. Let t be g(4). Let f(z) = -2*z + 1. Determine f(t).
-7
Let m(a) = 3*a**2 + 12*a + 18. Let x be m(-9). Let l(h) = -46*h - 50*h + 5 - 54*h + x*h. What is l(-6)?
-13
Let i(d) = d**2 + 78*d + 368. Let z be i(-5). Let o(u) be the third derivative of u**6/120 - u**5/15 + u**4/12 + u**2. Calculate o(z).
-3
Let t(j) = -2*j**3 - 17*j**2 - 7*j + 18. Suppose 8*m - 58 = -59*m - 594. What is t(m)?
10
Let y(i) = i + 3. Let v be y(-9). Let b(s) be the second derivative of s**4/12 + s**3 - s**2 + 7*s + 109. Give b(v).
-2
Let n(t) be the first derivative of -t**3/3 - 11*t**2/2 - 19*t + 2370. Give n(-7).
9
Suppose -2*w - q + 13 = 0, -5*q + 17 + 3 = w. Suppose -3*l = -2*u - 30 + 5, 2*u - w*l = -35. Let h(a) = -a**3 + 0*a**3 - 2*a + a + 3 - 6*a**2. Determine h(u).
-17
Let